 = -q**2 + 2*q + 7. Give r(z).
-8
Let r(l) = -l**3 + 9*l**2 - 7*l + 4. Let j be r(8). Suppose -2*k - 2*i = -j, 0 = 5*k - 0*i + 2*i - 24. Let a(s) = -s**2 + 3*s - 3. Determine a(k).
-7
Let q(t) = -3*t**3 - 11*t**2 - 5*t + 7. Let f(x) = 4*x**3 + 12*x**2 + 6*x - 7. Let y(w) = 4*f(w) + 5*q(w). Give y(7).
0
Let f(i) = -1. Let u(z) = z + 2. Let p be u(-3). Let m(d) = d - 2. Let q(t) = p*m(t) + 2*f(t). Determine q(3).
-3
Let m(q) = 4*q + 2 - q**2 + 5 - 8. What is m(3)?
2
Let z be -5 + 3 + 1 + 4. Let j(c) = 3*c**z - 6*c**2 + c**3 + 5*c - 3*c**3 + 0 + 2. Determine j(5).
2
Let z(u) = 2*u + 3 - u - 7*u + 3*u. Let a(o) = o - 1. Let b be a(-2). Let k be -2 + 4/(-3)*b. Calculate z(k).
-3
Suppose 2*v = -k - v + 17, -4*v + 41 = 5*k. Let b(n) = 1. Let g(w) = -w - 1. Let h(t) = -t - 3. Let l(c) = -g(c) - h(c). Let u(x) = k*b(x) - l(x). Give u(-4).
9
Let x(b) = 7*b**2 - 4*b - 220*b**3 + 2 - 5 + 219*b**3. Let a = 17 - 11. Calculate x(a).
9
Suppose -3*w = -w - 8. Let y(v) = 3*v - 7. Let r(m) = -4*m + 8. Let u(h) = 2*r(h) + 3*y(h). Calculate u(w).
-1
Let s(a) = 2*a - 3. Let y be s(3). Let b(o) = -o**3 + 3*o**2 + 2*o + 3. Give b(y).
9
Let b(j) = j**3 + 6*j**2 + 5*j - 1. Let z = -10 - -6. Let t be (-2)/z - (-36)/(-8). Calculate b(t).
11
Let q(l) be the second derivative of -l**5/12 - l**4/24 - l**3/6 - l**2 - l. Let w(k) be the first derivative of q(k). Let m be (-1*1 + 0)*1. Calculate w(m).
-5
Let h(t) = 8*t**2 + 4*t - 3. Let u(i) = 7*i**2 + 3*i - 2. Let d(v) = -6*h(v) + 7*u(v). Give d(5).
14
Suppose -4 = -m - 20. Let l = 11 + m. Let t(o) = o**2 + 5*o - 5. Determine t(l).
-5
Let i(d) = d - 2. Let w be 22/6 - 4/6. Let l be w*(-1)/(1 - 2). Determine i(l).
1
Let h(g) = 2*g**2 + 4*g + 3. Suppose 2*u - 1 - 1 = 0. Let d be 7 - 7 - u*2. Give h(d).
3
Let s(i) be the second derivative of i**4/12 - i**3/2 - 2*i. Let j(z) = z**2. Let l be j(-2). What is s(l)?
4
Let g(m) = m**2 + 3*m - 5. Let s be -43 + 41 - -1*(1 - -5). Give g(s).
23
Let j(z) = 12 + 3*z - 4*z - 26 + 19. Give j(7).
-2
Let f = 6 - 3. Suppose -3*b - 4*x - 11 = 0, -b = -6*x + f*x - 18. Let j(d) = d**3 - 3*d**2 - 2*d + 1. Determine j(b).
-5
Suppose 3*g + 16 = 4*i, 3*i - 12 = -2*g - 0*i. Let m(u) be the second derivative of u**3/6 + 3*u**2 - 2*u. Calculate m(g).
6
Let j = -67 - -111. Let w = -23 + j. Let h be (-10)/14 + (-6)/w. Let r(g) = -g**3 + g. Give r(h).
0
Suppose -3*s + 2 = t, -s - 36 = t - 4*t. Let n(y) = t*y + 9*y - 8*y. What is n(1)?
12
Suppose -15 = -3*q + 3*b, 2*q + b = 2 + 2. Let h(j) = -j**3 + 4*j**2 - j - 3. What is h(q)?
3
Let p(b) be the third derivative of 0 + 2*b**2 + 1/3*b**3 - 1/8*b**4 + 0*b. What is p(4)?
-10
Suppose 22*a = 26*a + 40. Let z(n) = n**2 + 9*n + 3. Determine z(a).
13
Let s(c) = -4 - 3*c - 8 - c**3 + 11 + 5*c**2. Give s(3).
8
Let j = 16 + -11. Let o(t) = -t. What is o(j)?
-5
Suppose 0 = -y + 2*f - 3, -y - 4*f + 0*f + 21 = 0. Let n(k) be the second derivative of 0 - 3*k - 2/3*k**3 + 1/12*k**4 + 1/2*k**2. Determine n(y).
6
Let x = -2 - -3. Let f = -4 + 8. Suppose -h + f = -x, 4*c + h - 25 = 0. Let q(m) = m**2 - 5*m - 7. Calculate q(c).
-7
Suppose -7*s + 10*s + 18 = 0. Let b(n) = -2*n - 9. What is b(s)?
3
Let y(l) = l**3 + 6*l**2 + 6*l + 3. Let j be y(-5). Let t(u) be the third derivative of u**6/120 + u**5/60 + u**4/24 + u**3/3 + 5*u**2. What is t(j)?
-4
Let d(y) = -8*y**3 + y**2 - 2*y + 2. Let f(i) = i**3 - i + 1. Let v(n) = -d(n) + f(n). Calculate v(1).
8
Let n(c) = 2*c + 8. Let o(w) = 6*w - 9. Let d(i) = -i. Let s(f) = -9*d(f) - o(f). Let h(r) = -4*n(r) + 3*s(r). What is h(6)?
1
Let v(s) = 4*s + 1. Let k be v(2). Suppose 4*l + 11 = -k. Let j(c) be the first derivative of -c**2/2 + c - 3. Determine j(l).
6
Let t(q) = 5*q - 2. Let j(r) = 10*r - 3. Let d(i) = -3*j(i) + 5*t(i). Let w(m) = -m**2 - 11*m - 1. Let l(f) = 5*d(f) - 2*w(f). What is l(-2)?
11
Let r(v) = 5*v + 1. Let b(d) = -d. Suppose 5*k = 2*j + j + 4, -4*j + 3*k = 9. Let t(z) = j*b(z) - r(z). Let f(m) = -m + 8. Let a be f(4). Determine t(a).
-9
Suppose -2*q - 3*m + 0*m = 6, 3*m = -q - 9. Let d(c) = -2*c**2 + 7 - q + c**2 - c. What is d(-3)?
-2
Let a = 5 + -5. Let m be 0 + (0 - a/3). Let u(q) be the first derivative of q**4/4 - q**3/3 + q**2/2 + 4*q - 1. Determine u(m).
4
Let k(z) be the second derivative of z**3/6 - 3*z**2/2 + 9*z. What is k(3)?
0
Suppose 3*j - 3*n - 12 = 0, -15 = -2*j - n - 4*n. Let o(h) = j - 3*h - h - 4 + 6*h. What is o(-4)?
-7
Let b(a) = 5*a - 3*a + 1 - 3*a. Let z = 122 + -115. Calculate b(z).
-6
Suppose -x - 11 = -4*j, 3 = j - 1. Suppose 0 = x*u - 0*u - 5. Let s be (u - 1)*(-1)/1. Let h(c) = c + 5. Give h(s).
5
Let j(l) = l - 8. Let f be j(11). Suppose -5*p + f = -22. Let s(r) = -p + r + 2*r - 4*r + 3. Determine s(2).
-4
Let h(t) = -4*t - 78*t**2 + 76*t**2 + 7*t. What is h(2)?
-2
Let o(m) = -2*m**3 + 2*m**2 + 2*m - 2. Suppose -2*s - 3*t = 43, -4*t + 5*t = s + 9. Let c = -12 - s. Calculate o(c).
-6
Suppose -j - 10 = -6*j. Let m = j + 3. Let i(l) = -l**2 + 7*l - 4. Calculate i(m).
6
Let q = -23 + -9. Let l be 8/(-12) - q/(-6). Let m(o) = -o + 7*o - 3*o + 8. Determine m(l).
-10
Let a(i) = i + 11. Let n be a(0). Let k(l) = 3*l + n + 4*l - 6*l. What is k(0)?
11
Suppose 3*s + 3*a - 27 = 0, 0*s - 4*a = -3*s - 8. Let v(d) be the first derivative of 8*d + 3 - 9 - 12*d + 2*d**2. Determine v(s).
12
Let f(c) = -2*c**2 + 7*c - 5*c - 5 - 8*c + c**2. Let i be (-12)/(-8)*(-4)/(-6). Let x be (i - 0)*(-10)/2. Determine f(x).
0
Let l(o) be the second derivative of -1/6*o**4 + 0 + 1/120*o**5 - 2*o + 0*o**2 + 1/3*o**3. Let s(d) be the second derivative of l(d). What is s(3)?
-1
Let y(c) = c**3 + 3*c**2 - 7*c - 6. Suppose z - 6 + 26 = 5*w, -2*z + 2 = 4*w. Let g be ((-4)/w)/((-1)/(-3)). Determine y(g).
6
Let t(m) = m**3 + 7*m**2 + 8*m + 9. Let r be t(-6). Let v be 1*(9/r - -3). Let a(u) = -u**2 - u. Determine a(v).
0
Let r(i) be the second derivative of -i**3/6 - 15*i**2/2 + 19*i. Calculate r(-9).
-6
Let f be (-5)/(-2) + 0 + -2. Let s(k) be the first derivative of -1/3*k**3 - 3/4*k**4 - k + f*k**2 + 1. What is s(1)?
-4
Let t(q) be the third derivative of -q**4/24 + q**3/6 - 11*q**2. Determine t(4).
-3
Suppose 0 = -5*m - 9 + 24. Let r be (m + -3)/(-2*1). Let j = r - -2. Let g(i) = -i**3 + i**2 + 3*i - 1. What is g(j)?
1
Suppose -9 = -5*s + 6. Suppose -2 = -k - s. Let r(y) be the third derivative of -y**5/15 + y**2. Determine r(k).
-4
Let f(m) = 13*m**3 + 8*m**2 + 3*m - 5. Let u(h) = -7*h**3 - 4*h**2 - 2*h + 3. Let x(b) = -6*f(b) - 11*u(b). Calculate x(-5).
2
Let k(i) = -12*i - 6. Let f be k(-4). Suppose 3*l - 4*q - f = -6, l + 2*q = 2. Let s = l + -5. Let n(w) = w**3 - 2*w**2 - 3*w - 4. Determine n(s).
-4
Suppose 3*s - 4*s + 4 = 0. Suppose -s*o + o = 15. Let n(c) = 3 - 6*c**2 - c**3 + 3 - 2 - 4*c. What is n(o)?
-1
Let q(l) = 4*l - 6 + l - 2*l. Let v(z) = -z**2 - 9*z - 4. Let c be v(-8). Give q(c).
6
Suppose -2*u + 4*u = 4. Suppose -4*d + 12 = -0. Let r(a) = -a**2 - 3 + a**2 - a**d + 3*a**2 - a + 2. Calculate r(u).
1
Let c(z) be the first derivative of -z**6/360 - z**4/2 + 4*z**3/3 + 4. Let i(r) be the third derivative of c(r). Give i(0).
-12
Let b(v) = -v**3 + 7*v**2 + 9*v + 5. Let f(a) = a**3 - 8*a**2 - 10*a - 6. Let z(p) = -3*b(p) - 2*f(p). Let r(j) = 2*j - 6. Let g be r(6). Calculate z(g).
-9
Let g(s) = s + 2. Let o(k) = -k**2 - 6*k - 4. Let j be o(-6). Let u = -2 - j. Suppose -2*c + 8 = 5*b, 2*b - 1 + u = -5*c. Calculate g(b).
4
Let x(l) = 2*l. Let f(w) = 16*w + 3. Let p(q) = 2*f(q) - 14*x(q). Determine p(-4).
-10
Let y = -19 + 14. Let j(b) = b**2 + 6*b - 1. Determine j(y).
-6
Let o(f) = 6 + f - 20 - 1 + 5. Determine o(5).
-5
Suppose 39*r + 24 = 43*r. Let b(q) = -2*q + 4. Give b(r).
-8
Suppose 5*p - 17 = 4*p. Let u = -12 + p. Suppose -3*y = -5*q + 4, u*q - 3 - 3 = 2*y. Let t(j) = -j**3 + 3*j**2 - 2*j + 2. Determine t(y).
2
Let m(j) = 3*j**2 + 9*j - 11. Let y(u) = -4*u**2 - 14*u + 16. Let w(i) = 7*m(i) + 5*y(i). Determine w(6).
-3
Let v(w) = -w**2 - 7*w - 3. Let j(m) = m**2 + 7*m + 7. Let i be j(-8). Let c = i - 21. Determine v(c).
3
Let t = 30 + -26. Let o(p) = 2*p - 4. What is o(t)?
4
Let d(m) be the first derivative of -3*m**4/4 + 2*m**3/3 - m**2 + m - 2. What is d(1)?
-2
Suppose 0*h = -4*h + 4. Let g(k) be the third derivative of -k**6/720 + k**5/120 + k**4/8 + 3*k**2. Let v(x) be the second derivative of g(x). Giv